est common factor of g and l.
35
Suppose 0 = 4*o + o. Suppose o*d = -3*d + 33. Suppose z + b - d = 0, -3*z + 12 = -3*b - b. What is the greatest common divisor of 64 and z?
8
Let m(h) = 2*h**2 + 11*h - h**2 - 14*h - 4. Let w be m(-5). Let a be (-4 - w/(-8))*24. Calculate the greatest common divisor of a and 108.
12
Let b be (232/(-174))/(0 - (-2)/(-12)). Let w(z) = z**3 - 10*z**2 + 18*z + 4. Let x be w(b). What is the greatest common factor of 30 and x?
10
Let k(u) = u**2 + 14*u - 30. Let y be k(-16). Let d(j) = 25*j**3 + 4*j + 1. Let a be d(y). What is the greatest common divisor of 19 and a?
19
Let z be (-182 - -177)/((-2)/338). What is the greatest common divisor of z and 39?
13
Let f(r) = 6*r**2 - r + 4. Let m be f(2). Suppose -4*p - m - 53 = -5*d, -5*p + 10 = d. Let q be (20/3)/(2/36). Calculate the highest common divisor of d and q.
15
Suppose -4*i + 4 + 164 = 0. What is the highest common divisor of 168 and i?
42
Suppose -4*a + 8 = 0, -4*w - 5*a + 10*a = -82. What is the highest common factor of 2 and w?
1
Let q = 7 - -2. Let l(s) = s**2 + 23*s + 193. Let g be l(-22). What is the greatest common factor of q and g?
9
Suppose -j - 3*u + 16 + 13 = 0, 4*j - 51 = u. Calculate the greatest common divisor of 7 and j.
7
Let y = -272 - -278. Calculate the greatest common divisor of y and 33.
3
Suppose 0 = 3*p - 25 - 29. Let g = 26 + -28. Let r be (66/(-8))/(-1*g/(-48)). Calculate the highest common divisor of p and r.
18
Suppose -7*n = -39 + 11. Suppose 3*f - 306 = -n*i, -88 = -i - 4*f - 18. Calculate the greatest common factor of 52 and i.
26
Suppose 9*u = 6*u + 5*s + 1275, -u - 5*s = -445. What is the highest common divisor of u and 129?
43
Let t = -26 + 30. Suppose 4*u = 3*b - 18, -2*b + b + 14 = -t*u. Let c = -7 - -11. Calculate the greatest common factor of b and c.
2
Suppose -5*j = -4*x + 3*x + 65, -3*j = 15. Suppose -x = -3*m - 31. Calculate the greatest common divisor of 24 and m.
3
Suppose -5*h - 4*k + 62 = 0, 0 = -2*h + k + 4*k + 5. Calculate the greatest common factor of 66 and h.
2
Let o be 212*15/(-108)*-9. What is the greatest common divisor of 5 and o?
5
Let x(o) = o**3 - 18*o**2 + 16*o - 120. Let h be x(18). Calculate the highest common divisor of h and 24.
24
Let i be -1*2/(2/(-2)). Let z be 3/(-3) + 3 + 1. Suppose 15 = 2*s + z*s. What is the highest common divisor of i and s?
1
Suppose -w + 32 = -2. Let s(b) = -b**3 + 3*b**2 + 71*b + 3. Let t be s(-7). Let l be w - (t - (-5 + 3)). Calculate the greatest common factor of 144 and l.
36
Let q be (2/(-5))/((-18)/45). Let f(m) = 28*m**2 + 12*m + m**3 + 1 - 20*m**2 + q. Let t be f(-6). Calculate the greatest common divisor of t and 14.
2
Let y(q) = 2*q**2 + 10*q + 8. Let z be y(-5). Let t(j) = 2*j**2 - 3*j + 1. Let f be t(z). What is the highest common divisor of f and 21?
21
Let i = 443 + -361. Let q be (-10)/(7/((-574)/4)). Calculate the highest common divisor of i and q.
41
Suppose -z = -4 + 2, 5*z + 130 = 5*h. What is the greatest common factor of 21 and h?
7
Let y be (17/3)/((-4)/(-12)). Calculate the highest common divisor of y and 289.
17
Suppose 0 = -4*z - 20, -8*z + 7*z = 3*o - 49. What is the highest common factor of 8 and o?
2
Suppose 5*j - 35 = -r, -3*r + 3*j - 104 = -281. Calculate the greatest common divisor of r and 429.
11
Suppose 2*m = 256 + 98. Let c = 392 - m. What is the highest common factor of 43 and c?
43
Let g(f) be the third derivative of f**6/120 - f**5/12 + f**4/6 + 5*f**3/6 + 6*f**2. Let w be g(4). What is the highest common divisor of 35 and w?
5
Let q(g) = g**3 - 6*g**2 - 15*g - 12. Let a be q(8). Let k be 3 - (194/(-4))/(a/(-8)). What is the greatest common divisor of k and 40?
20
Let i be 2 + (-8)/(-6) + (-10)/30. Suppose -i*l + 27 + 498 = 0. Calculate the highest common divisor of 25 and l.
25
Let b = -25 + 39. Suppose 232 = 11*x + 9868. Let s be 10/105 + x/(-63). Calculate the highest common divisor of b and s.
14
Let u = 4 - -27. Suppose c - 5*y = u, -5*c + 0*y = -y - 35. Suppose -4*q + 178 = -5*z, 3*q - 2*z - 71 - 59 = 0. Calculate the greatest common factor of q and c.
6
Let q(b) = -b**3 - 10*b**2 + 8*b - 7. Suppose 5*j - j = -12. Let k = j + -8. Let w be q(k). What is the highest common factor of 65 and w?
13
Let t be ((-18)/(-6))/((-1)/1). Let l(y) = -47*y + 19. Let p be l(t). What is the highest common divisor of 20 and p?
20
Let n be (1 + -3)/((-34)/51). Let w be (3/2)/(n/62 - 0). What is the highest common factor of 310 and w?
31
Let y be 3 + (-62)/22 + 885/33. Let v = 99 - y. Calculate the highest common divisor of 9 and v.
9
Let b be (-66)/(-4)*(-16)/(-3). Let q = 41 - 37. Let x be 45/q - 2/8. What is the greatest common divisor of x and b?
11
Suppose -90 = -2*u - u. Let f = u - 13. Let b = f + 5. What is the greatest common factor of 55 and b?
11
Suppose -15 = -2*z - 1. Let y = 13 + -19. Let l = y - -13. What is the greatest common divisor of l and z?
7
Let k be -10 + 8 - (0 + -4). Let z(q) = 2*q**3 + 2*q**2 - 4*q + 2. Let t be z(k). Calculate the greatest common factor of t and 27.
9
Suppose 0 = -h - 4*h + 170. Suppose 0 = -2*d - 2*i + 266 + 204, -i - 479 = -2*d. Calculate the greatest common divisor of d and h.
34
Suppose 2*k + 2 = 42. Let h be 18/12 - 22/(-4). Let z = h + 3. Calculate the greatest common factor of z and k.
10
Suppose -928 + 736 = -2*w. What is the greatest common divisor of w and 416?
32
Let q be 2*(1 - (-3)/(-6)*-1). Suppose -57 = -3*u - s + 7, 5*s - 56 = -q*u. What is the highest common factor of u and 242?
22
Let i = 128 + -108. What is the greatest common factor of 15 and i?
5
Suppose 35 + 31 = 2*n. Suppose -n - 9 = -c + 4*o, 168 = 4*c + 3*o. Calculate the highest common factor of c and 6.
6
Let w = 133 + -128. Suppose w = 3*m + v, -m = -v - v + 3. What is the greatest common factor of 5 and m?
1
Let u(l) = 3*l**2 - 28 - 12 - 17*l - 2*l**2. Let w be u(20). Calculate the highest common divisor of 80 and w.
20
Suppose -385 = -43*f + 48*f. Let l = -35 - f. Calculate the greatest common factor of 56 and l.
14
Let y = -19 - -49. What is the greatest common divisor of y and 260?
10
Suppose -130 = -3*i - a - 3*a, -106 = -3*i + 2*a. Suppose 98 = 2*t + i. What is the highest common factor of 12 and t?
6
Suppose 8*h - 35 = -11. Suppose 4*r = x + 3, 4*x + 2 = h*x + 3*r. What is the highest common factor of x and 15?
1
Let t be (1/3 - -1)*9. Let m = 289 - 193. Calculate the highest common divisor of t and m.
12
Suppose 3*y + 11 - 92 = 0. Suppose -3*h = -2*d - y, 0*d = h + d - 9. Calculate the greatest common divisor of h and 3.
3
Let c be (3/(-4))/(39/(-11232)). What is the greatest common factor of 456 and c?
24
Suppose 181 = 5*x + 4*p, -4*p + 83 + 24 = 3*x. Calculate the greatest common factor of 222 and x.
37
Suppose 0 = 3*y + 2*v - 14, -6*y + 60 = -y - 4*v. Calculate the highest common divisor of 32 and y.
8
Suppose 2574 = -43*c + 69*c. Calculate the highest common divisor of 54 and c.
9
Let z = -13 - -7. Let w be 1 + -1 - (10 + z) - -28. What is the greatest common factor of w and 40?
8
Let h(p) = p**3 + 4*p**2 + p + 4. Let b be h(-4). Suppose b*o - 4*o + 184 = 0. Calculate the highest common divisor of o and 115.
23
Suppose v = -8*v + 648. Let p = v - 27. Calculate the greatest common factor of p and 90.
45
Let y = 31 - 16. Suppose y*a = 12*a + 30. Calculate the greatest common factor of 40 and a.
10
Suppose -5*n = -66 - 484. Suppose -l - 4*l + n = 0. Let f = l + 22. What is the greatest common factor of 4 and f?
4
Let l be (-20)/4*27/15. Let a be l/(-18) - 87/(-2). Calculate the highest common factor of a and 11.
11
Let v = 65 + -66. Let p be 1/(-2)*18*v. What is the greatest common divisor of 36 and p?
9
Let d be (-22)/((-1095)/1105 - -1). Let y be (d/(-51))/(1/3). What is the highest common divisor of y and 13?
13
Suppose 0 = -35*t + 13*t + 440. Suppose 3*c - 4 = 8. Calculate the greatest common factor of c and t.
4
Suppose -2*o - 6 = 0, -2*o + 27 = -3*t + 6*t. What is the greatest common divisor of 66 and t?
11
Let n be ((-1587)/207)/((-2)/6). Calculate the greatest common factor of 1 and n.
1
Suppose 0 = -2*u - 3*p + 51, 0 = 4*u + 15*p - 10*p - 107. What is the greatest common divisor of 825 and u?
33
Let t be 3/(27/(-30))*-6. Suppose f - 740 = -4*o + 6*f, -3*o - 4*f = -524. What is the highest common factor of 